Calculate the highest common factor of 13 and g.
13
Let m(l) = -l - 9. Let v be m(0). Let a be (-15)/v + (-6)/9. Let f be a + 10/2 - 0. Calculate the greatest common divisor of 3 and f.
3
Suppose 25 = 5*r - 0. Suppose -4*c - 23 = -b + 4, r*b - 51 = -c. What is the greatest common divisor of b and 121?
11
Suppose -6*z = -z + 10. Let c(r) = 21*r**2 - 6. Let o be c(z). Calculate the greatest common factor of o and 52.
26
Let g = -15 - -19. What is the greatest common divisor of g and 10?
2
Let y be -1 + 2 - (-1 - -6). Let z be (-8)/(-10)*(-10)/y. Suppose -z*c + 24 = c. Calculate the highest common divisor of c and 72.
8
Suppose -424 - 300 = -4*t. Suppose 3*a - 2*o - 565 = -t, 2*a - 5*o - 245 = 0. What is the greatest common factor of 52 and a?
26
Let c(s) = -s**3 - 4*s**2 - 1. Let q be c(-2). Let g = -5 - q. What is the highest common factor of g and 12?
4
Let t(p) = -p**2 - 5*p + 6. Let g be t(-5). Let o(v) = -g*v - 4 + v - v**2 - 3*v. Let n be o(-5). Calculate the highest common divisor of n and 44.
11
Let m = -9 - 18. Let n = -9 - m. What is the highest common divisor of 126 and n?
18
Let h = -511 - -727. What is the highest common divisor of h and 24?
24
Let v = 38 - 23. Calculate the greatest common divisor of v and 75.
15
Let r be 0 + -2 - 1*-15. Suppose 5 - r = -4*m. Calculate the greatest common factor of 14 and m.
2
Let s(b) = -6*b - 7. Let v be s(-7). Suppose 2*l - z - 3*z = 0, -z = -3*l - 15. Let o be (l/(-9))/((-2)/(-42)). Calculate the greatest common factor of o and v.
7
Let z be 4/((-116)/(-36) + -3). Let i be (0 + 1)*-2*-1. Suppose 0 = -h + i*h - 2. Calculate the greatest common factor of h and z.
2
Let y = -39 + 101. Calculate the highest common divisor of y and 155.
31
Let s be 2/((-2)/(-138)*6). What is the greatest common divisor of s and 69?
23
Suppose -4*l + 4*x + 0 = 8, x - 2 = -l. Let g(q) = q**2 + 5. Let j be g(l). Calculate the highest common factor of j and 45.
5
Suppose -2*h - 4*g = -64, -3*h + 5*g + 100 = -h. Let j = -30 + 50. Calculate the greatest common divisor of h and j.
20
Let h be (-1)/(3/(-6) + 0). Suppose -2*b = h*b - 240. Calculate the highest common divisor of b and 24.
12
Let h be (5/10*-3)/(1/(-4)). Let j(o) = -o - 7. Let n be j(-9). Calculate the greatest common factor of h and n.
2
Suppose 17*m - 70 = 12*m. Let n(f) = f**2 + 3*f - 1. Let p be n(2). Let h be 313/p - (-2)/9. What is the highest common divisor of h and m?
7
Let i be (-2)/(-9) + 2*(-320)/(-36). What is the greatest common factor of i and 198?
18
Let y be 3/(-18) - 3279/(-18). Let d = 1 - 1. Suppose -389 = -2*n - 5*j, -5*j + y = n - d*n. What is the highest common divisor of n and 23?
23
Let o(j) = j + 5. Let l be o(-3). Let d be 121/7 - l/7. Calculate the greatest common divisor of d and 187.
17
Suppose -34 = -2*u + 6. Calculate the highest common divisor of 30 and u.
10
Let v(h) = 3*h**2 + 1. Suppose c + 13 = 3*s, 4*s - 11 + 0 = -5*c. Let q be v(c). Let w = q - 2. Calculate the greatest common divisor of 22 and w.
2
Let v(r) = r**2 - 8*r + 16. Let o be v(-7). Calculate the highest common factor of o and 11.
11
Let c(v) = -3*v - 2. Let b be c(-9). What is the greatest common factor of b and 200?
25
Let b(d) = d**3 - 2*d**2 + 2. Let c be b(2). Let j be (-8)/12*(-3)/2. What is the highest common factor of c and j?
1
Let d = -19 + 20. Let j = 25 - d. Calculate the highest common factor of 36 and j.
12
Let w(p) = p**2 - 29*p + 58. Let h be w(28). Calculate the highest common factor of 150 and h.
30
Let m = -61 + 121. What is the highest common divisor of m and 4?
4
Suppose t = 2*g - 3*g + 20, 2*g + 3*t - 40 = 0. Calculate the greatest common factor of 20 and g.
20
Let o = 13 - 8. Suppose 0*q = -o*q + 15. Suppose -q*b = -r - 8*b + 4, r - 4 = -4*b. What is the highest common factor of r and 16?
4
Suppose 2*l = 3*l - 5*a - 63, a = 5*l - 195. Calculate the highest common factor of l and 342.
38
Suppose n + 4 = 0, 3*b = -3*n + 4 + 8. What is the greatest common factor of 8 and b?
8
Let n(f) = -f**2 - f + 2. Let c be n(0). Suppose -c*g + 80 = 2*g. What is the highest common divisor of g and 10?
10
Suppose 176 + 34 = 2*s. Suppose r - 3*z + z - 17 = 0, 0 = -4*z - 4. Calculate the highest common factor of s and r.
15
Let c be -1 + (3 - 3) - -5. Let w be c/(-5)*225/(-6). What is the greatest common factor of 20 and w?
10
Let p = -10 - -17. Let v(i) = 4*i**3 - 4*i**2 + 2*i - 1. Let h be v(3). What is the highest common divisor of h and p?
7
Let j be ((-1)/(-4))/((-4)/(-136))*22. Calculate the greatest common factor of 17 and j.
17
Let t = 161 - 93. Let m = -40 + t. Let g(h) = 7*h + 7. Let i be g(5). What is the highest common divisor of m and i?
14
Let m(u) = -u - 2*u + 2*u**2 + 3*u - u + 1. Let s be m(1). Calculate the highest common factor of 22 and s.
2
Let z(g) = g**3 - g**2 + g. Let f be z(2). Suppose p = -3*p + 24. What is the highest common divisor of f and p?
6
Let u = 22 - 6. Let s(l) = l - 32. Let n be s(40). Calculate the highest common divisor of u and n.
8
Let b = -13 + 15. Suppose 0 = -2*c + 2*z - 0*z + 30, 0 = 4*c + b*z - 36. What is the greatest common divisor of c and 77?
11
Let m(a) = -4*a**3 + 2*a**2 + 3*a + 2. Let k be m(-2). Suppose k = 5*w - w. What is the highest common factor of 81 and w?
9
Suppose 28 = -2*r + 4. Let j be 6/((-2)/((-16)/12)). Let v be j - (3 + r)/(-3). What is the greatest common divisor of v and 11?
1
Let u = -12 - -45. What is the highest common divisor of 3 and u?
3
Let o(i) = 6*i**2 + 3*i - 2. Let f be o(2). Let q be (-2 + (-15)/(-6))*f. Suppose -h = h - q. Calculate the highest common factor of h and 7.
7
Let k = 61 - 47. Calculate the highest common factor of 70 and k.
14
Suppose 0 = 5*c + 29 + 61. Let x = c + 39. Let m be 2/4*2*7. Calculate the highest common divisor of m and x.
7
Let f(o) = 16*o + 3. Let c(t) = -33*t - 6. Let g(r) = 2*c(r) + 5*f(r). Let n be g(3). Let w be (-2)/(-4)*30/3. What is the highest common divisor of w and n?
5
Let z = 44 + 46. Let u = 7 - -3. Calculate the highest common divisor of u and z.
10
Suppose -2*k + 6 = 5*z - 8, 3*k - 4*z + 2 = 0. Let d(o) = 25*o - 3. Let l be d(k). Suppose -2*t + l = -25. Calculate the highest common factor of t and 54.
18
Let q be 1/((-2)/(-5)*(-30)/(-156)). What is the greatest common factor of q and 13?
13
Suppose -2*p = -0*p - 14. Suppose 0 = i - 2*w - 38 - 26, -48 = -i - 2*w. What is the highest common divisor of p and i?
7
Let o = -25 - -31. What is the greatest common divisor of o and 30?
6
Let a be 37 + (2 - (-3 - -2)). Calculate the highest common divisor of 10 and a.
10
Let g be (-1*1/(-2))/(1/16). What is the greatest common divisor of g and 20?
4
Suppose -5*y = -4*p - 33, 5*p + 13 = 2*y - 7. Suppose 3*b + 1 = -2, 3*s + 2 = -5*b. Calculate the greatest common divisor of y and s.
1
Suppose 4*q + h + 2*h - 23 = 0, 3 = q - 2*h. Calculate the greatest common divisor of q and 35.
5
Let v = -54 - -81. Calculate the highest common factor of 3 and v.
3
Let g(r) = r**3 - 6*r**2 + 3. Let s be g(6). What is the highest common divisor of 1 and s?
1
Let z be (-11*5*1)/(-1). Calculate the greatest common factor of 5 and z.
5
Let s(p) = p**2 - 6*p + 7. Let q be s(5). Suppose 2*c - 6 = 0, 3*i = q*i - 4*c + 13. What is the highest common divisor of i and 7?
1
Suppose 0 = -4*j - 251 + 923. Suppose -j = -3*n + 96. Calculate the greatest common divisor of n and 8.
8
Let g(c) = -c**3 - 11*c**2 - 6*c - 18. Let y be g(-11). What is the highest common divisor of 12 and y?
12
Let m(f) = -2*f + 2. Let t be m(-16). Calculate the highest common factor of 119 and t.
17
Let o(s) = 39*s**2 + 2*s - 1. Let h be o(1). Let j = 16 - 11. What is the highest common divisor of j and h?
5
Suppose 0 = -3*y + 5*k + 48, -4*y - y + 4*k + 67 = 0. Calculate the greatest common divisor of y and 11.
11
Let q = -149 + 233. Let v = 193 + -137. Calculate the greatest common factor of v and q.
28
Let o(m) = -13*m. Suppose -2*q - 20 = -7*q. Suppose 8*n - 4*n = -q. Let b be o(n). What is the highest common factor of b and 117?
13
Suppose 19*p - 105 = 18*p. What is the highest common factor of p and 21?
21
Let q be (-2)/(-3) + (-7)/(-3). Suppose z - 2 + 0 = 0. What is the highest common divisor of z and q?
1
Suppose 3*x - l - 20 = 0, -4*l + 12 = 3*x - 13. Let f = 25 + -11. Calculate the great